{"id":1002,"date":"2026-02-23T13:40:16","date_gmt":"2026-02-23T13:40:16","guid":{"rendered":"https:\/\/ippubliart.com\/eventos\/services\/"},"modified":"2026-02-26T18:40:56","modified_gmt":"2026-02-26T18:40:56","slug":"services","status":"publish","type":"page","link":"https:\/\/ippubliart.com\/eventos\/services\/","title":{"rendered":"Services"},"content":{"rendered":"\n<div class=\"wp-block-uagb-container uagb-layout-flex uagb-block-edf9ad47 alignfull uagb-is-root-container\"><div class=\"uagb-container-inner-blocks-wrap\">\n<div class=\"wp-block-uagb-advanced-heading uagb-block-3472a125\"><p class=\"uagb-desc-text\">Servicios<\/p><h1 class=\"uagb-heading-text\">Descubre nuestras soluciones creativas para eventos<\/h1><\/div>\n<\/div><\/div>\n\n\n\n<div class=\"wp-block-uagb-container uagb-block-35e76e5a alignfull uagb-is-root-container\"><div class=\"uagb-container-inner-blocks-wrap\">\n<div class=\"wp-block-uagb-advanced-heading uagb-block-033bb87d\"><div class=\"uagb-separator\"><\/div><h2 class=\"uagb-heading-text\">Nuestro proceso para crear eventos memorables<\/h2><\/div>\n\n\n\n<div class=\"wp-block-uagb-container uagb-layout-grid uagb-block-2cffa28f\">\n<div class=\"wp-block-uagb-info-box uagb-block-54d603e5 uagb-infobox__content-wrap  uagb-infobox-icon-above-title uagb-infobox-image-valign-top wp-block-uagb-info-box--has-margin\"><div class=\"uagb-infobox-margin-wrapper\"><div class=\"uagb-ifb-content\"><div class=\"uagb-ifb-title-wrap\"><span class=\"uagb-ifb-title-prefix\">Paso-01<\/span><h3 class=\"uagb-ifb-title\">Planificaci\u00f3n<\/h3><\/div><p class=\"uagb-ifb-desc\">Elaboramos un concepto claro y detallado que gu\u00eda todo el proceso de creaci\u00f3n del evento, asegurando que cada aspecto se considere.<\/p><\/div><\/div><\/div>\n\n\n\n<div class=\"wp-block-uagb-info-box uagb-block-23b8ff94 uagb-infobox__content-wrap  uagb-infobox-icon-above-title uagb-infobox-image-valign-top wp-block-uagb-info-box--has-margin\"><div class=\"uagb-infobox-margin-wrapper\"><div class=\"uagb-ifb-content\"><div class=\"uagb-ifb-title-wrap\"><span class=\"uagb-ifb-title-prefix\">Paso-02<\/span><h3 class=\"uagb-ifb-title\">Ejecuci\u00f3n<\/h3><\/div><p class=\"uagb-ifb-desc\">Llevamos a cabo la producci\u00f3n y montaje del evento con un equipo calificado, garantizando que cada detalle se ejecute a la perfecci\u00f3n.<\/p><\/div><\/div><\/div>\n\n\n\n<div class=\"wp-block-uagb-info-box uagb-block-cade87d8 uagb-infobox__content-wrap  uagb-infobox-icon-above-title uagb-infobox-image-valign-top wp-block-uagb-info-box--has-margin\"><div class=\"uagb-infobox-margin-wrapper\"><div class=\"uagb-ifb-content\"><div class=\"uagb-ifb-title-wrap\"><span class=\"uagb-ifb-title-prefix\">Paso-03<\/span><h3 class=\"uagb-ifb-title\">Promoci\u00f3n<\/h3><\/div><p class=\"uagb-ifb-desc\">Implementamos estrategias de marketing digital y redes sociales para maximizar el alcance y la participaci\u00f3n del p\u00fablico en el evento.<\/p><\/div><\/div><\/div>\n<\/div>\n<\/div><\/div>\n\n\n\n<div class=\"wp-block-uagb-container uagb-block-ebc27a13 alignfull uagb-is-root-container\"><div class=\"uagb-container-inner-blocks-wrap\">\n<div class=\"wp-block-uagb-container uagb-block-648d12f8\">\n<div class=\"wp-block-uagb-container uagb-block-674720e4\">\n<div class=\"wp-block-uagb-info-box uagb-block-6a0b3471 uagb-infobox__content-wrap  uagb-infobox-icon-above-title uagb-infobox-image-valign-top\"><div class=\"uagb-ifb-content\"><div class=\"uagb-ifb-title-wrap\"><p class=\"uagb-ifb-title-prefix\">01.<\/p><h2 class=\"uagb-ifb-title\">Organizaci\u00f3n de Eventos<\/h2><\/div><p class=\"uagb-ifb-desc\">Nos especializamos en la planificaci\u00f3n y ejecuci\u00f3n de eventos \u00fanicos, desde lanzamientos de productos hasta conferencias, adapt\u00e1ndonos a las necesidades espec\u00edficas de cada cliente para lograr un impacto duradero.<\/p><\/div><\/div>\n<\/div>\n<\/div>\n\n\n\n<div class=\"wp-block-uagb-container uagb-block-ccd11990\">\n<div class=\"wp-block-uagb-container uagb-block-482f34a9\">\n<div class=\"wp-block-uagb-info-box uagb-block-952c66cf uagb-infobox__content-wrap  uagb-infobox-icon-above-title uagb-infobox-image-valign-top\"><div class=\"uagb-ifb-content\"><div class=\"uagb-ifb-title-wrap\"><p class=\"uagb-ifb-title-prefix\">02.<\/p><h2 class=\"uagb-ifb-title\">Producci\u00f3n Audiovisual<\/h2><\/div><p class=\"uagb-ifb-desc\">Ofrecemos servicios de producci\u00f3n audiovisual de alta calidad, incluyendo videos promocionales y cobertura de eventos, para que tu marca tenga una presentaci\u00f3n digna y profesional.<\/p><\/div><\/div>\n<\/div>\n<\/div>\n\n\n\n<div class=\"wp-block-uagb-container uagb-block-b2fae567\">\n<div class=\"wp-block-uagb-container uagb-block-d3da2c2f\">\n<div class=\"wp-block-uagb-info-box uagb-block-3df2715d uagb-infobox__content-wrap  uagb-infobox-icon-above-title uagb-infobox-image-valign-top\"><div class=\"uagb-ifb-content\"><div class=\"uagb-ifb-title-wrap\"><p class=\"uagb-ifb-title-prefix\">03.<\/p><h2 class=\"uagb-ifb-title\">Marketing Digital<\/h2><\/div><p class=\"uagb-ifb-desc\">Desarrollamos estrategias de marketing digital efectivas que incluyen publicidad en redes sociales y campa\u00f1as en l\u00ednea, aumentando la visibilidad y el engagement de tu evento.<\/p><\/div><\/div>\n<\/div>\n<\/div>\n\n\n\n<div class=\"wp-block-uagb-container uagb-block-4facfb74\">\n<div class=\"wp-block-uagb-container uagb-block-59b956d5\">\n<div class=\"wp-block-uagb-info-box uagb-block-557126dc uagb-infobox__content-wrap  uagb-infobox-icon-above-title uagb-infobox-image-valign-top\"><div class=\"uagb-ifb-content\"><div class=\"uagb-ifb-title-wrap\"><p class=\"uagb-ifb-title-prefix\">04.<\/p><h2 class=\"uagb-ifb-title\">Dise\u00f1o Creativo<\/h2><\/div><p class=\"uagb-ifb-desc\">Creamos dise\u00f1os visuales impactantes que reflejan la identidad de tu marca y el tema del evento, asegurando que cada aspecto visual fortalezca el mensaje que deseas transmitir.<\/p><\/div><\/div>\n<\/div>\n<\/div>\n<\/div><\/div>\n\n\n\n<div class=\"wp-block-uagb-container uagb-layout-grid uagb-block-f53bf43e alignfull uagb-is-root-container\"><div class=\"uagb-container-inner-blocks-wrap\">\n<div class=\"wp-block-uagb-container uagb-block-71b6a274\">\n<div class=\"wp-block-uagb-container uagb-block-002f0fbb\">\n<div class=\"wp-block-uagb-info-box uagb-block-3a49aeb9 uagb-infobox__content-wrap  uagb-infobox_cta-type-all uagb-infobox-icon-above-title uagb-infobox-image-valign-top wp-block-uagb-info-box--has-margin\"><div class=\"uagb-infobox-margin-wrapper\"><a href=\"\/contact\" class=\"uagb-infobox-link-wrap uagb-infbox__link-to-all\" target=\"_self\" aria-label=\"Infobox Link\" rel=\"noopener noreferrer\" onclick=\"return true;\"><\/a><div class=\"uagb-ifb-content\"><div class=\"uagb-ifb-separator\"><\/div><div class=\"uagb-ifb-title-wrap\"><h1 class=\"uagb-ifb-title\">Conecta Con <br>Tu P\u00fablico Hoy<\/h1><\/div><p class=\"uagb-ifb-desc\">Cont\u00e1ctanos y descubre c\u00f3mo podemos hacer tu evento memorable y exitoso.<\/p><div class=\"uagb-ifb-button-wrapper wp-block-button\"><\/div><\/div><\/div><\/div>\n\n\n\n<div class=\"wp-block-uagb-buttons uagb-buttons__outer-wrap uagb-btn__default-btn uagb-btn-tablet__default-btn uagb-btn-mobile__default-btn uagb-block-70521398\"><div class=\"uagb-buttons__wrap uagb-buttons-layout-wrap \">\n<div class=\"wp-block-uagb-buttons-child uagb-buttons__outer-wrap uagb-block-800df4d2 wp-block-button\"><div class=\"uagb-button__wrapper\"><a class=\"uagb-buttons-repeater wp-block-button__link\" aria-label=\"\" href=\"https:\/\/ippubliart.com\/eventos\/contact\/\" rel=\"follow noopener\" target=\"_self\" role=\"button\"><div class=\"uagb-button__link\">Cont\u00e1ctanos<\/div><\/a><\/div><\/div>\n<\/div><\/div>\n<\/div>\n<\/div>\n\n\n\n<div class=\"wp-block-uagb-container uagb-layout-grid uagb-block-43651d8c\">\n<div class=\"wp-block-uagb-advanced-heading uagb-block-852a4737\"><p class=\"uagb-desc-text\">N\u00famero de Tel\u00e9fono<\/p><p class=\"uagb-heading-text\">+58 426-477.44.50 | 0424 &#8211; 715.63.74<\/p><\/div>\n\n\n\n<div class=\"wp-block-uagb-advanced-heading uagb-block-ee864814\"><p class=\"uagb-desc-text\">Direcci\u00f3n<\/p><p class=\"uagb-heading-text\">Nivel Oficina Mall III, CC Plaza, Avenida 6, Calles 25, Local L-OFIC 07 Y 25A, Valera 3101, Trujillo<\/p><\/div>\n\n\n\n<div class=\"wp-block-uagb-info-box uagb-block-13ef44d6 uagb-infobox__content-wrap  uagb-infobox-icon-above-title uagb-infobox-image-valign-top wp-block-uagb-info-box--has-margin\"><div class=\"uagb-infobox-margin-wrapper\"><div class=\"uagb-ifb-content\"><div class=\"uagb-ifb-title-wrap\"><p class=\"uagb-ifb-title-prefix\">Horas de Trabajo<\/p><p class=\"uagb-ifb-title\">Lun-S\u00e1b: 8AM-6PM<\/p><\/div><p class=\"uagb-ifb-desc\">Domingo: Cerrado<\/p><\/div><\/div><\/div>\n<\/div>\n<\/div><\/div>\n","protected":false},"excerpt":{"rendered":"<p>Servicios Descubre nuestras soluciones creativas para eventos Nuestro proceso para crear eventos memorables<\/p>\n","protected":false},"author":1,"featured_media":0,"parent":0,"menu_order":0,"comment_status":"closed","ping_status":"closed","template":"","meta":{"_uag_custom_page_level_css":"","site-sidebar-layout":"default","site-content-layout":"","ast-site-content-layout":"default","site-content-style":"default","site-sidebar-style":"default","ast-global-header-display":"","ast-banner-title-visibility":"","ast-main-header-display":"","ast-hfb-above-header-display":"","ast-hfb-below-header-display":"","ast-hfb-mobile-header-display":"","site-post-title":"disabled","ast-breadcrumbs-content":"","ast-featured-img":"","footer-sml-layout":"","ast-disable-related-posts":"","theme-transparent-header-meta":"enabled","adv-header-id-meta":"","stick-header-meta":"","header-above-stick-meta":"","header-main-stick-meta":"","header-below-stick-meta":"","astra-migrate-meta-layouts":"default","ast-page-background-enabled":"default","ast-page-background-meta":{"desktop":{"background-color":"var(--ast-global-color-5)","background-image":"","background-repeat":"repeat","background-position":"center center","background-size":"auto","background-attachment":"scroll","background-type":"","background-media":"","overlay-type":"","overlay-color":"","overlay-opacity":"","overlay-gradient":""},"tablet":{"background-color":"","background-image":"","background-repeat":"repeat","background-position":"center center","background-size":"auto","background-attachment":"scroll","background-type":"","background-media":"","overlay-type":"","overlay-color":"","overlay-opacity":"","overlay-gradient":""},"mobile":{"background-color":"","background-image":"","background-repeat":"repeat","background-position":"center center","background-size":"auto","background-attachment":"scroll","background-type":"","background-media":"","overlay-type":"","overlay-color":"","overlay-opacity":"","overlay-gradient":""}},"ast-content-background-meta":{"desktop":{"background-color":"var(--ast-global-color-4)","background-image":"","background-repeat":"repeat","background-position":"center center","background-size":"auto","background-attachment":"scroll","background-type":"","background-media":"","overlay-type":"","overlay-color":"","overlay-opacity":"","overlay-gradient":""},"tablet":{"background-color":"var(--ast-global-color-4)","background-image":"","background-repeat":"repeat","background-position":"center center","background-size":"auto","background-attachment":"scroll","background-type":"","background-media":"","overlay-type":"","overlay-color":"","overlay-opacity":"","overlay-gradient":""},"mobile":{"background-color":"var(--ast-global-color-4)","background-image":"","background-repeat":"repeat","background-position":"center center","background-size":"auto","background-attachment":"scroll","background-type":"","background-media":"","overlay-type":"","overlay-color":"","overlay-opacity":"","overlay-gradient":""}},"footnotes":""},"class_list":["post-1002","page","type-page","status-publish","hentry"],"uagb_featured_image_src":{"full":false,"thumbnail":false,"medium":false,"medium_large":false,"large":false,"1536x1536":false,"2048x2048":false,"woocommerce_thumbnail":false,"woocommerce_single":false,"woocommerce_gallery_thumbnail":false},"uagb_author_info":{"display_name":"admin-daismar","author_link":"https:\/\/ippubliart.com\/eventos\/author\/admin-daismar\/"},"uagb_comment_info":0,"uagb_excerpt":"Servicios Descubre nuestras soluciones creativas para eventos Nuestro proceso para crear eventos memorables","_links":{"self":[{"href":"https:\/\/ippubliart.com\/eventos\/wp-json\/wp\/v2\/pages\/1002","targetHints":{"allow":["GET"]}}],"collection":[{"href":"https:\/\/ippubliart.com\/eventos\/wp-json\/wp\/v2\/pages"}],"about":[{"href":"https:\/\/ippubliart.com\/eventos\/wp-json\/wp\/v2\/types\/page"}],"author":[{"embeddable":true,"href":"https:\/\/ippubliart.com\/eventos\/wp-json\/wp\/v2\/users\/1"}],"replies":[{"embeddable":true,"href":"https:\/\/ippubliart.com\/eventos\/wp-json\/wp\/v2\/comments?post=1002"}],"version-history":[{"count":4,"href":"https:\/\/ippubliart.com\/eventos\/wp-json\/wp\/v2\/pages\/1002\/revisions"}],"predecessor-version":[{"id":1205,"href":"https:\/\/ippubliart.com\/eventos\/wp-json\/wp\/v2\/pages\/1002\/revisions\/1205"}],"wp:attachment":[{"href":"https:\/\/ippubliart.com\/eventos\/wp-json\/wp\/v2\/media?parent=1002"}],"curies":[{"name":"wp","href":"https:\/\/api.w.org\/{rel}","templated":true}]}}